). Let j be o + (-2)/8*0. Suppose 0 = -j*x + 12 - 9. What is the units digit of x?
1
Let b(n) = 69*n - 99. What is the tens digit of b(6)?
1
Let d = 20 - 18. Suppose -4*w - d*y = -82, -y - y = 2. What is the tens digit of w?
2
Let c(v) = 5*v**2 + 27*v + 22. Let a(g) = -6*g**2 - 28*g - 22. Let k(i) = -4*a(i) - 5*c(i). What is the units digit of k(-17)?
0
Let v(d) = 2*d**3 - 5*d**2 - 8*d + 36. What is the tens digit of v(6)?
4
Suppose 4*u = 5*z + 37, 2*z + 6 = -4. Suppose -6*h + h = u*x - 397, 365 = 5*h - 5*x. What is the tens digit of h?
7
Suppose 0 = 5*l + 47 + 33. What is the hundreds digit of 120/l*(-32)/(2/1)?
1
Let j = 90 + -54. Suppose 90 = 3*y - j. What is the tens digit of y?
4
Let d = 2201 + 1917. What is the units digit of d?
8
Suppose -2*x + 3*k + 836 = 7*k, -4*k + 2090 = 5*x. What is the tens digit of x?
1
Let o(u) = 6*u**2 - 9*u - 18. What is the units digit of o(-18)?
8
Let u(n) = n**2 + 18*n - 111. What is the thousands digit of u(46)?
2
Suppose 0 - 9 = -i. What is the units digit of -6*(-3)/i + 4?
6
Let l(n) be the first derivative of -n**2/2 + 47*n + 5. Let s be l(0). Suppose j - 55 = -3*i, -2*i + j + s = 12. What is the units digit of i?
8
Let z(w) = w**3 - 2*w**2 - 6*w - 13. Let l = 10 + -4. What is the tens digit of z(l)?
9
Let b = 1 + -71. Let a be (-6)/18 - b/(-6). Let g = a - -17. What is the units digit of g?
5
Suppose -3*k - 696 = -2*t + k, -2*t = -3*k - 691. What is the tens digit of t?
3
Let w be (-1)/3*(15 + -3)*-1. Suppose w*z - 11*z = -581. What is the tens digit of z?
8
Suppose 2*n - 1083 = 5*h, -4*n + 2*h = 4*h - 2202. What is the units digit of n?
9
Let k = -845 - -2521. What is the tens digit of k?
7
What is the hundreds digit of ((-36)/6 + 7)/(4/10132)?
5
Let o = -513 - -556. What is the tens digit of o?
4
Let b = 4445 + -3165. What is the tens digit of b?
8
Let j = 13 + -13. Let p = 566 + -371. Suppose -4*t + 5*q - 8 = -p, 2*t + 5*q - 71 = j. What is the units digit of t?
3
Let i(j) = 65*j**2 + 13*j + 9. What is the hundreds digit of i(6)?
4
Suppose -6 = -3*i - 0. What is the tens digit of 157/i + 4/(-8)?
7
Suppose 6*u - 1945 - 1283 = 0. What is the tens digit of u?
3
Let q(t) = 16 + 5 - 3 + 5*t + 51*t. Let z be q(-9). What is the tens digit of z/12*6/(-9)?
2
Let i = 191 + 126. What is the units digit of i?
7
Suppose 6*x - 8 = -2. What is the units digit of 1 + (-312)/(-4) + x?
0
Let a be 1/(4 - (-19)/(-5)). Suppose -q = -4*v + v - 15, a*v - 55 = -q. What is the tens digit of q?
3
Suppose -615*y + 637*y - 17578 = 0. What is the units digit of y?
9
Let c(b) = -1542*b - 13. What is the hundreds digit of c(-2)?
0
Suppose -4*z + 3*i + 0 = -1, -4*z - 23 = 5*i. Suppose -2*t - 2*t = -4*r + 52, 5*t = -4*r + 79. Let a = r + z. What is the tens digit of a?
1
Suppose -5*c = g - 25, g + 2*g - 143 = 2*c. Suppose -3*i + 4*p + 42 = 3, -g = -4*i + 3*p. Let y = i + -6. What is the units digit of y?
3
Suppose -2*s + 4*w = -1834, 5*s - 7*s = 3*w - 1813. What is the tens digit of s?
1
Let c = -3288 - -8448. What is the units digit of c?
0
Suppose 0 = 14*q - 18*q + 3292. What is the units digit of q?
3
Let a = -14 + 4. Let n = 16 + a. Suppose -42 = -n*h + 5*h. What is the units digit of h?
2
Suppose -t = -5*t + 4*x - 12, t - 9 = -3*x. Suppose t = -4*a + 12, -4*m + 16 = -3*m + 2*a. What is the tens digit of m?
1
Suppose 1203 = 26*j - 9639. What is the units digit of j?
7
Let r(b) = 66*b**2 + 8*b - 11. What is the units digit of r(-8)?
9
Suppose -o + 5*f + 0*f = -3, -3*o + 9 = -f. Let q(u) = o*u**2 + u**2 - u**3 - u - 6 + 10*u + u**2. What is the units digit of q(6)?
2
Suppose 7427 - 44003 = -16*p. What is the thousands digit of p?
2
Let c(l) = 19*l + 23. What is the units digit of c(13)?
0
Suppose 4 = 2*n - 6*n - 5*w, -2 = 2*n + 5*w. Let z be (-2 + 2)/(n/(-1)). Suppose 5 = f - 0, -2*g - 2*f + 78 = z. What is the tens digit of g?
3
Let r(i) = -44*i + 6. What is the units digit of r(-6)?
0
Let l be (-1 - (1 + -2))*1. Let b = 2 - -2. Suppose l = k - 3*i - 7, -k - 2*k + b*i + 21 = 0. What is the units digit of k?
7
Let f(j) = -5*j - 2. Let p be f(-1). Suppose 0 = 3*g - 0*g + 2*y - 196, -p*g + 188 = 4*y. Suppose -x - x = -g. What is the units digit of x?
4
What is the thousands digit of (-1840080)/(-624) + 1 + (-22)/26?
2
Suppose 4*a + 4*y = 432, 3*a + 2*a - y = 522. What is the hundreds digit of a?
1
Let j = -26 - -30. Suppose j*g + v = 19, 3 = -g - v + 10. What is the units digit of g?
4
Suppose 0 = 3*u - 2*m + 4*m - 5, -5*u - 2*m = -7. Suppose 4*r - 55 - u = 0. What is the units digit of r?
4
Suppose 3*n = -3*n - 252. What is the units digit of (-4)/8*0 - n?
2
Suppose 3*g - 2008 = -727. Let j = -290 + g. Suppose -40 = -3*u + 2*u - 4*k, k = 5*u - j. What is the tens digit of u?
2
Let j(y) = 604*y + 937. What is the thousands digit of j(6)?
4
Suppose 34858 = 53*l - 37010. What is the tens digit of l?
5
Let u(m) = -m + 29. Suppose -2*a = -4, 0 = -5*r + 3*a - 8*a + 60. What is the units digit of u(r)?
9
Let w = -80 - -84. What is the hundreds digit of (0 - w/(-2)) + -4 - -147?
1
Let s = 1151 + -639. What is the hundreds digit of s?
5
Let u(x) = 2*x**2 + 48*x - 115. What is the units digit of u(20)?
5
Let m(o) = -7*o + 32. Let x be m(16). What is the tens digit of (-24)/((-12)/x*-2)?
8
Suppose 7*d - 44 = 180. Let v = d - -25. What is the units digit of v?
7
Let n(h) = 5*h**3 - 14*h**3 - 2*h - h**2 - 9*h**3 + 0*h**3. What is the tens digit of n(-2)?
4
Suppose 0 = -2*u + 6*u - 20. Suppose -u*z = -0 + 10. What is the tens digit of (-96)/z - (-8 - -4)?
5
Let z = 15 + -11. Suppose 0 = -z*g + 22 + 10. Suppose 3*k = g*k - 20. What is the units digit of k?
4
Let s be (-37)/(-7) - 10/35. Suppose -2*i + 119 = m + 43, 4*m + s*i - 289 = 0. What is the tens digit of m?
6
Suppose 2*r + 19*j - 5249 = 24*j, -j - 2632 = -r. What is the thousands digit of r?
2
Let v(s) be the third derivative of 3*s**3 - 7/30*s**5 + 0*s + 0 - 5/8*s**4 + 1/120*s**6 + 9*s**2. What is the tens digit of v(15)?
1
Let w be -3 - (-5 + 3) - -4. Let l be 145/10 - w/6. Suppose -3*v = -4*v + l. What is the units digit of v?
4
Let z(q) = q**3 + 3*q**2 + 2*q + 10. What is the units digit of z(-3)?
4
Suppose 0 = 2*l + 4*n - 2030, 5*n = -4*l + 10*n + 4034. What is the tens digit of l?
1
Suppose -25 = -p + 3*j, 0 = 5*p - 3*p + 4*j. Suppose p*u + 64 - 764 = 0. What is the units digit of u?
0
What is the hundreds digit of -4413*((-174)/18 + 9)?
9
Suppose 165258 = 119*y - 418199. What is the tens digit of y?
0
Let t = 943 - -572. What is the tens digit of t?
1
Suppose n + 0*n = 3*y + 11, -2*n = -5*y - 20. Let o(b) = 7*b**2 - 1 - 2*b + 0 - 2*b + 6*b. What is the units digit of o(y)?
3
Suppose 7636 = 2*m + 2782. What is the units digit of m?
7
Let z(c) = -c - 15. Let r be z(-15). Let w = r + 70. What is the units digit of w?
0
Let l(s) = s**3 + 8*s**2 - 9*s + 3. Let c = -17 - -10. What is the hundreds digit of l(c)?
1
Let p = 5 + 0. Suppose w + x - 248 = 0, -4*x = 3*w - p*x - 748. What is the hundreds digit of w?
2
Suppose -69*h = -73*h - 140. What is the units digit of 1/((-159)/581 + (-10)/h)?
3
Let s be (13/4)/((-14)/(-168)). Suppose 5*j - s = 36. What is the tens digit of j?
1
Let a(n) be the second derivative of 13*n**3/6 - 4*n**2 - 2*n. What is the units digit of a(5)?
7
What is the tens digit of (-23)/(115/130)*(2 - 26)?
2
Suppose -54*r - 30*r = -287112. What is the thousands digit of r?
3
Let r = -32 - -37. What is the units digit of (-1372)/(-35) - (-4)/r?
0
Let w(q) = -3*q. Let d(g) = 2*g**3 + g**2 + g + 1. Let s be d(-1). Let a be w(s). Suppose -a*l - 6 = -27. What is the units digit of l?
7
Suppose w - 76 = -2*q - 0*q, q - 2*w = 33. Let v = 10 - 6. Suppose -q = -u + v. What is the units digit of u?
1
Suppose 5*g - 1217 = 3*g + 5*n, 5*g - 3095 = -5*n. What is the hundreds digit of g?
6
Let v = 807 + -692. What is the hundreds digit of v?
1
Let y(m) = -7*m - 28. Let w be y(-8). Let g = 77 - w. What is the units digit of g?
9
Suppose -2*u + 5*w + 47 = 0, w = -u - 4 + 24. What is the units digit of u?
1
Let z(q) = 15*q**2 - 443 + 443 - 8*q + q. What is the hundreds digit of z(-3)?
1
Let z(c) = -2*c**3 - 20*c**2 - 6*c - 18. Let d be z(-10). Let x = -15 + d. What is the tens digit of x?
2
Let o = -61 + 102. Let b = -16 + o. What is the units digit of b?
5
Suppose -4*j = -3*s - 21, 